


{"id":7152,"date":"2019-11-20T12:07:06","date_gmt":"2019-11-20T11:07:06","guid":{"rendered":"https:\/\/www.tauroessiccatori.com\/?post_type=tauro_recipe&#038;p=7152"},"modified":"2019-11-20T14:52:09","modified_gmt":"2019-11-20T13:52:09","slug":"i-grandi-ostici-albicocche","status":"publish","type":"tauro_recipe","link":"https:\/\/stor51.tauroessiccatori.com\/lt\/ricetta\/didieji-abrikosai\/","title":{"rendered":"Abrikos\u0173 d\u017eiovinimas"},"content":{"rendered":"<div class=\"tauro-banners\"><div class=\"banner-00\" style=\"background-color: #852035\">\r\n<div class=\"ix-xmas-box-other\" style=\"font-size: 18px;padding: 7px 0;margin: 0 auto 0px auto\" align=\"center\"><b style=\"color: #fff;font-size: 18px\">Po med\u017eiu pad\u0117kite BIOSEC. <a style=\"color: #f8cc89;font-weight: bold;text-decoration: none;font-size: 18px\" href=\"https:\/\/www.tauroessiccatori.com\/christmas-2024\/\">ATRASKITE \u010cIA<\/a> Kal\u0117din\u0117s akcijos!<\/b><\/div>\r\n<\/div><div class=\"banner-00\" style=\"background-color: #000\">\r\n<div class=\"ix-xmas-box-other\" style=\"font-size: 18px;padding: 7px 0;margin: 0 auto 0px auto\" align=\"center\"><b style=\"color: #fff\"> Juodojo penktadienio nuolaidos jau \u010dia! \u00a0 <a style=\"color: #f77209;font-weight: bold;text-decoration: none\" href=\"https:\/\/www.tauroessiccatori.com\/black-friday-2024\/\"> Spustel\u0117kite, kad j\u0173 nepraleistum\u0117te \u2192 <\/a>\r\n<\/b><\/div>\r\n<\/div><\/div><p>D\u017eiovinti abrikosus n\u0117ra lengva! Tereikia atsi\u017evelgti \u012f du pagrindinius aspektus, tokius kaip dydis ir temperat\u016bra, ir i\u0161d\u017eiovinus tur\u0117site puiki\u0173 u\u017ekand\u017ei\u0173, kuriuos patogu ne\u0161iotis ir valgyti bet kuriuo paros metu.<\/p>\n<p><strong>Sudedamosios dalys<\/strong><br \/>\ngausyb\u0117 abrikos\u0173 (vidutinio dyd\u017eio ir geros brandos)<\/p>\n<p><strong>Proced\u016bra<\/strong><br \/>\nJei ilgiausios abrikoso pus\u0117s ilgis vir\u0161ija 4 cm, abrikosas sugenda dar nei\u0161d\u017ei\u016bv\u0119s, tod\u0117l geriau jo nesupjaustyti (nebent norite supjaustyti 5 mm plonais grie\u017ein\u0117liais ar ma\u017eais gabal\u0117liais, tada gerai). \u012eprasto dyd\u017eio abrikosus reik\u0117t\u0173 perpjauti pusiau, i\u0161skobti kauliukus ir sud\u0117ti pilvu \u012f vir\u0161\u0173 \u012f d\u017eiovykl\u0117s krep\u0161elius (be kepimo popieriaus ar \"Drysilk\").<\/p>\n<p><strong>Programa<\/strong><br \/>\nPasirinkite ma\u017edaug 50\u00b0 program\u0105 (arba daugiau, jei reikia), t4 arba t5 48\/60 val.<br \/>\nPatartina retkar\u010diais juos patikrinti, nes jei tarp patikrinim\u0173 j\u0173 i\u0161vaizda pasikei\u010dia, vadinasi, jie vis dar turi vandens, kur\u012f reikia pa\u0161alinti. 9 testas: suspauskite abrikoso pilvuk\u0105, jis turi b\u016bti kietas.<br \/>\nTada laikykite juos sandariai u\u017edarytame stiklainyje.<\/p>","protected":false},"excerpt":{"rendered":"<p>Uno dei grandi ostici dell&#8217;essiccazione, difficili da preparare ma squisite da gustare. Se avete delle buone albicocche potrete goderne per tutto l&#8217;anno con i nostri essiccatori.<\/p>","protected":false},"featured_media":7153,"template":"","class_list":["post-7152","tauro_recipe","type-tauro_recipe","status-publish","has-post-thumbnail","hentry"],"acf":[],"yoast_head":"<!-- This site is optimized with the Yoast SEO plugin v20.10 - https:\/\/yoast.com\/wordpress\/plugins\/seo\/ -->\n<title>Essiccare le albicocche - Tauro Essiccatori<\/title>\n<meta name=\"robots\" content=\"noindex, follow, max-snippet:-1, max-image-preview:large, max-video-preview:-1\" \/>\n<meta property=\"og:locale\" content=\"lt_LT\" \/>\n<meta property=\"og:type\" content=\"article\" \/>\n<meta property=\"og:title\" content=\"Essiccare le albicocche - Tauro Essiccatori\" \/>\n<meta property=\"og:description\" content=\"Uno dei grandi ostici dell&#039;essiccazione, difficili da preparare ma squisite da gustare. Se avete delle buone albicocche potrete goderne per tutto l&#039;anno con i nostri essiccatori.\" \/>\n<meta property=\"og:url\" content=\"https:\/\/stor51.tauroessiccatori.com\/lt\/ricetta\/didieji-abrikosai\/\" \/>\n<meta property=\"og:site_name\" content=\"Tauro Essiccatori\" \/>\n<meta property=\"article:publisher\" content=\"https:\/\/www.facebook.com\/TauroEssiccatori\/\" \/>\n<meta property=\"article:modified_time\" content=\"2019-11-20T13:52:09+00:00\" \/>\n<meta property=\"og:image\" content=\"https:\/\/stor51.tauroessiccatori.com\/wp-assets\/uploads\/2019\/11\/albicocche.jpg\" \/>\n\t<meta property=\"og:image:width\" content=\"920\" \/>\n\t<meta property=\"og:image:height\" content=\"530\" \/>\n\t<meta property=\"og:image:type\" content=\"image\/jpeg\" \/>\n<meta name=\"twitter:card\" content=\"summary_large_image\" \/>\n<meta name=\"twitter:label1\" content=\"Est. reading time\" \/>\n\t<meta name=\"twitter:data1\" content=\"1 minut\u0117\" \/>\n<script type=\"application\/ld+json\" class=\"yoast-schema-graph\">{\"@context\":\"https:\/\/schema.org\",\"@graph\":[{\"@type\":\"WebPage\",\"@id\":\"https:\/\/stor51.tauroessiccatori.com\/ricetta\/i-grandi-ostici-albicocche\/\",\"url\":\"https:\/\/stor51.tauroessiccatori.com\/ricetta\/i-grandi-ostici-albicocche\/\",\"name\":\"Essiccare le albicocche - Tauro Essiccatori\",\"isPartOf\":{\"@id\":\"https:\/\/stor51.tauroessiccatori.com\/#website\"},\"datePublished\":\"2019-11-20T11:07:06+00:00\",\"dateModified\":\"2019-11-20T13:52:09+00:00\",\"breadcrumb\":{\"@id\":\"https:\/\/stor51.tauroessiccatori.com\/ricetta\/i-grandi-ostici-albicocche\/#breadcrumb\"},\"inLanguage\":\"lt-LT\",\"potentialAction\":[{\"@type\":\"ReadAction\",\"target\":[\"https:\/\/stor51.tauroessiccatori.com\/ricetta\/i-grandi-ostici-albicocche\/\"]}]},{\"@type\":\"BreadcrumbList\",\"@id\":\"https:\/\/stor51.tauroessiccatori.com\/ricetta\/i-grandi-ostici-albicocche\/#breadcrumb\",\"itemListElement\":[{\"@type\":\"ListItem\",\"position\":1,\"name\":\"Home\",\"item\":\"https:\/\/stor51.tauroessiccatori.com\/\"},{\"@type\":\"ListItem\",\"position\":2,\"name\":\"Essiccare le albicocche\"}]},{\"@type\":\"WebSite\",\"@id\":\"https:\/\/stor51.tauroessiccatori.com\/#website\",\"url\":\"https:\/\/stor51.tauroessiccatori.com\/\",\"name\":\"Tauro Essiccatori\",\"description\":\"Welcome to Tauro Essiccatori online shop\",\"publisher\":{\"@id\":\"https:\/\/stor51.tauroessiccatori.com\/#organization\"},\"potentialAction\":[{\"@type\":\"SearchAction\",\"target\":{\"@type\":\"EntryPoint\",\"urlTemplate\":\"https:\/\/stor51.tauroessiccatori.com\/?s={search_term_string}\"},\"query-input\":\"required name=search_term_string\"}],\"inLanguage\":\"lt-LT\"},{\"@type\":\"Organization\",\"@id\":\"https:\/\/stor51.tauroessiccatori.com\/#organization\",\"name\":\"Tauro Essiccatori\",\"url\":\"https:\/\/stor51.tauroessiccatori.com\/\",\"logo\":{\"@type\":\"ImageObject\",\"inLanguage\":\"lt-LT\",\"@id\":\"https:\/\/stor51.tauroessiccatori.com\/#\/schema\/logo\/image\/\",\"url\":\"https:\/\/www.tauroessiccatori.com\/wp-assets\/uploads\/2017\/07\/logo_tauro_500x109px.png\",\"contentUrl\":\"https:\/\/www.tauroessiccatori.com\/wp-assets\/uploads\/2017\/07\/logo_tauro_500x109px.png\",\"width\":500,\"height\":109,\"caption\":\"Tauro Essiccatori\"},\"image\":{\"@id\":\"https:\/\/stor51.tauroessiccatori.com\/#\/schema\/logo\/image\/\"},\"sameAs\":[\"https:\/\/www.facebook.com\/TauroEssiccatori\/\",\"https:\/\/www.instagram.com\/tauro_essiccatori\/\",\"https:\/\/it.linkedin.com\/company\/tauro-essiccatori\",\"https:\/\/www.youtube.com\/user\/tauroessiccatori\"]}]}<\/script>\n<!-- \/ Yoast SEO plugin. -->","yoast_head_json":{"title":"Essiccare le albicocche - Tauro Essiccatori","robots":{"index":"noindex","follow":"follow","max-snippet":"max-snippet:-1","max-image-preview":"max-image-preview:large","max-video-preview":"max-video-preview:-1"},"og_locale":"lt_LT","og_type":"article","og_title":"Essiccare le albicocche - Tauro Essiccatori","og_description":"Uno dei grandi ostici dell'essiccazione, difficili da preparare ma squisite da gustare. Se avete delle buone albicocche potrete goderne per tutto l'anno con i nostri essiccatori.","og_url":"https:\/\/stor51.tauroessiccatori.com\/lt\/ricetta\/didieji-abrikosai\/","og_site_name":"Tauro Essiccatori","article_publisher":"https:\/\/www.facebook.com\/TauroEssiccatori\/","article_modified_time":"2019-11-20T13:52:09+00:00","og_image":[{"width":920,"height":530,"url":"https:\/\/stor51.tauroessiccatori.com\/wp-assets\/uploads\/2019\/11\/albicocche.jpg","type":"image\/jpeg"}],"twitter_card":"summary_large_image","twitter_misc":{"Est. reading time":"1 minut\u0117"},"schema":{"@context":"https:\/\/schema.org","@graph":[{"@type":"WebPage","@id":"https:\/\/stor51.tauroessiccatori.com\/ricetta\/i-grandi-ostici-albicocche\/","url":"https:\/\/stor51.tauroessiccatori.com\/ricetta\/i-grandi-ostici-albicocche\/","name":"Essiccare le albicocche - Tauro Essiccatori","isPartOf":{"@id":"https:\/\/stor51.tauroessiccatori.com\/#website"},"datePublished":"2019-11-20T11:07:06+00:00","dateModified":"2019-11-20T13:52:09+00:00","breadcrumb":{"@id":"https:\/\/stor51.tauroessiccatori.com\/ricetta\/i-grandi-ostici-albicocche\/#breadcrumb"},"inLanguage":"lt-LT","potentialAction":[{"@type":"ReadAction","target":["https:\/\/stor51.tauroessiccatori.com\/ricetta\/i-grandi-ostici-albicocche\/"]}]},{"@type":"BreadcrumbList","@id":"https:\/\/stor51.tauroessiccatori.com\/ricetta\/i-grandi-ostici-albicocche\/#breadcrumb","itemListElement":[{"@type":"ListItem","position":1,"name":"Home","item":"https:\/\/stor51.tauroessiccatori.com\/"},{"@type":"ListItem","position":2,"name":"Essiccare le albicocche"}]},{"@type":"WebSite","@id":"https:\/\/stor51.tauroessiccatori.com\/#website","url":"https:\/\/stor51.tauroessiccatori.com\/","name":"Tauro Essiccatori","description":"Welcome to Tauro Essiccatori online shop","publisher":{"@id":"https:\/\/stor51.tauroessiccatori.com\/#organization"},"potentialAction":[{"@type":"SearchAction","target":{"@type":"EntryPoint","urlTemplate":"https:\/\/stor51.tauroessiccatori.com\/?s={search_term_string}"},"query-input":"required name=search_term_string"}],"inLanguage":"lt-LT"},{"@type":"Organization","@id":"https:\/\/stor51.tauroessiccatori.com\/#organization","name":"Tauro Essiccatori","url":"https:\/\/stor51.tauroessiccatori.com\/","logo":{"@type":"ImageObject","inLanguage":"lt-LT","@id":"https:\/\/stor51.tauroessiccatori.com\/#\/schema\/logo\/image\/","url":"https:\/\/www.tauroessiccatori.com\/wp-assets\/uploads\/2017\/07\/logo_tauro_500x109px.png","contentUrl":"https:\/\/www.tauroessiccatori.com\/wp-assets\/uploads\/2017\/07\/logo_tauro_500x109px.png","width":500,"height":109,"caption":"Tauro Essiccatori"},"image":{"@id":"https:\/\/stor51.tauroessiccatori.com\/#\/schema\/logo\/image\/"},"sameAs":["https:\/\/www.facebook.com\/TauroEssiccatori\/","https:\/\/www.instagram.com\/tauro_essiccatori\/","https:\/\/it.linkedin.com\/company\/tauro-essiccatori","https:\/\/www.youtube.com\/user\/tauroessiccatori"]}]}},"_links":{"self":[{"href":"https:\/\/stor51.tauroessiccatori.com\/lt\/wp-json\/wp\/v2\/tauro_recipe\/7152"}],"collection":[{"href":"https:\/\/stor51.tauroessiccatori.com\/lt\/wp-json\/wp\/v2\/tauro_recipe"}],"about":[{"href":"https:\/\/stor51.tauroessiccatori.com\/lt\/wp-json\/wp\/v2\/types\/tauro_recipe"}],"wp:featuredmedia":[{"embeddable":true,"href":"https:\/\/stor51.tauroessiccatori.com\/lt\/wp-json\/wp\/v2\/media\/7153"}],"wp:attachment":[{"href":"https:\/\/stor51.tauroessiccatori.com\/lt\/wp-json\/wp\/v2\/media?parent=7152"}],"curies":[{"name":"wp","href":"https:\/\/api.w.org\/{rel}","templated":true}]}}

Abrikosų džiovinimas

<div class="tauro-banners"><div class="banner-00" style="background-color: #852035">
<div class="ix-xmas-box-other" style="font-size: 18px;padding: 7px 0;margin: 0 auto 0px auto" align="center"><b style="color: #fff;font-size: 18px">Po medžiu padėkite BIOSEC. <a style="color: #f8cc89;font-weight: bold;text-decoration: none;font-size: 18px" href="https://www.tauroessiccatori.com/christmas-2024/">ATRASKITE ČIA</a> Kalėdinės akcijos!</b></div>
</div><div class="banner-00" style="background-color: #000">
<div class="ix-xmas-box-other" style="font-size: 18px;padding: 7px 0;margin: 0 auto 0px auto" align="center"><b style="color: #fff"> Juodojo penktadienio nuolaidos jau čia!   <a style="color: #f77209;font-weight: bold;text-decoration: none" href="https://www.tauroessiccatori.com/black-friday-2024/"> Spustelėkite, kad jų nepraleistumėte → </a>
</b></div>
</div></div><p>Džiovinti abrikosus nėra lengva! Tereikia atsižvelgti į du pagrindinius aspektus, tokius kaip dydis ir temperatūra, ir išdžiovinus turėsite puikių užkandžių, kuriuos patogu nešiotis ir valgyti bet kuriuo paros metu.</p>
<p><strong>Sudedamosios dalys</strong><br />
gausybė abrikosų (vidutinio dydžio ir geros brandos)</p>
<p><strong>Procedūra</strong><br />
Jei ilgiausios abrikoso pusės ilgis viršija 4 cm, abrikosas sugenda dar neišdžiūvęs, todėl geriau jo nesupjaustyti (nebent norite supjaustyti 5 mm plonais griežinėliais ar mažais gabalėliais, tada gerai). Įprasto dydžio abrikosus reikėtų perpjauti pusiau, išskobti kauliukus ir sudėti pilvu į viršų į džiovyklės krepšelius (be kepimo popieriaus ar "Drysilk").</p>
<p><strong>Programa</strong><br />
Pasirinkite maždaug 50° programą (arba daugiau, jei reikia), t4 arba t5 48/60 val.<br />
Patartina retkarčiais juos patikrinti, nes jei tarp patikrinimų jų išvaizda pasikeičia, vadinasi, jie vis dar turi vandens, kurį reikia pašalinti. 9 testas: suspauskite abrikoso pilvuką, jis turi būti kietas.<br />
Tada laikykite juos sandariai uždarytame stiklainyje.</p>

<!-- This site is optimized with the Yoast SEO plugin v20.10 - https://yoast.com/wordpress/plugins/seo/ -->
<title>Essiccare le albicocche - Tauro Essiccatori</title>
<meta name="robots" content="noindex, follow, max-snippet:-1, max-image-preview:large, max-video-preview:-1" />
<meta property="og:locale" content="lt_LT" />
<meta property="og:type" content="article" />
<meta property="og:title" content="Essiccare le albicocche - Tauro Essiccatori" />
<meta property="og:description" content="Uno dei grandi ostici dell&#039;essiccazione, difficili da preparare ma squisite da gustare. Se avete delle buone albicocche potrete goderne per tutto l&#039;anno con i nostri essiccatori." />
<meta property="og:url" content="https://stor51.tauroessiccatori.com/lt/ricetta/didieji-abrikosai/" />
<meta property="og:site_name" content="Tauro Essiccatori" />
<meta property="article:publisher" content="https://www.facebook.com/TauroEssiccatori/" />
<meta property="article:modified_time" content="2019-11-20T13:52:09+00:00" />
<meta property="og:image" content="https://stor51.tauroessiccatori.com/wp-assets/uploads/2019/11/albicocche.jpg" />
	<meta property="og:image:width" content="920" />
	<meta property="og:image:height" content="530" />
	<meta property="og:image:type" content="image/jpeg" />
<meta name="twitter:card" content="summary_large_image" />
<meta name="twitter:label1" content="Est. reading time" />
	<meta name="twitter:data1" content="1 minutė" />
<script type="application/ld+json" class="yoast-schema-graph">{"@context":"https://schema.org","@graph":[{"@type":"WebPage","@id":"https://stor51.tauroessiccatori.com/ricetta/i-grandi-ostici-albicocche/","url":"https://stor51.tauroessiccatori.com/ricetta/i-grandi-ostici-albicocche/","name":"Essiccare le albicocche - Tauro Essiccatori","isPartOf":{"@id":"https://stor51.tauroessiccatori.com/#website"},"datePublished":"2019-11-20T11:07:06+00:00","dateModified":"2019-11-20T13:52:09+00:00","breadcrumb":{"@id":"https://stor51.tauroessiccatori.com/ricetta/i-grandi-ostici-albicocche/#breadcrumb"},"inLanguage":"lt-LT","potentialAction":[{"@type":"ReadAction","target":["https://stor51.tauroessiccatori.com/ricetta/i-grandi-ostici-albicocche/"]}]},{"@type":"BreadcrumbList","@id":"https://stor51.tauroessiccatori.com/ricetta/i-grandi-ostici-albicocche/#breadcrumb","itemListElement":[{"@type":"ListItem","position":1,"name":"Home","item":"https://stor51.tauroessiccatori.com/"},{"@type":"ListItem","position":2,"name":"Essiccare le albicocche"}]},{"@type":"WebSite","@id":"https://stor51.tauroessiccatori.com/#website","url":"https://stor51.tauroessiccatori.com/","name":"Tauro Essiccatori","description":"Welcome to Tauro Essiccatori online shop","publisher":{"@id":"https://stor51.tauroessiccatori.com/#organization"},"potentialAction":[{"@type":"SearchAction","target":{"@type":"EntryPoint","urlTemplate":"https://stor51.tauroessiccatori.com/?s={search_term_string}"},"query-input":"required name=search_term_string"}],"inLanguage":"lt-LT"},{"@type":"Organization","@id":"https://stor51.tauroessiccatori.com/#organization","name":"Tauro Essiccatori","url":"https://stor51.tauroessiccatori.com/","logo":{"@type":"ImageObject","inLanguage":"lt-LT","@id":"https://stor51.tauroessiccatori.com/#/schema/logo/image/","url":"https://www.tauroessiccatori.com/wp-assets/uploads/2017/07/logo_tauro_500x109px.png","contentUrl":"https://www.tauroessiccatori.com/wp-assets/uploads/2017/07/logo_tauro_500x109px.png","width":500,"height":109,"caption":"Tauro Essiccatori"},"image":{"@id":"https://stor51.tauroessiccatori.com/#/schema/logo/image/"},"sameAs":["https://www.facebook.com/TauroEssiccatori/","https://www.instagram.com/tauro_essiccatori/","https://it.linkedin.com/company/tauro-essiccatori","https://www.youtube.com/user/tauroessiccatori"]}]}</script>
<!-- / Yoast SEO plugin. -->

1 minutė
