


{"id":7152,"date":"2019-11-20T12:07:06","date_gmt":"2019-11-20T11:07:06","guid":{"rendered":"https:\/\/www.tauroessiccatori.com\/?post_type=tauro_recipe&#038;p=7152"},"modified":"2019-11-20T14:52:09","modified_gmt":"2019-11-20T13:52:09","slug":"i-grandi-ostici-albicocche","status":"publish","type":"tauro_recipe","link":"https:\/\/stor51.tauroessiccatori.com\/hu\/ricetta\/a-nagy-sargabarackok\/","title":{"rendered":"Barack sz\u00e1r\u00edt\u00e1sa"},"content":{"rendered":"<div class=\"tauro-banners\"><div class=\"banner-00\" style=\"background-color: #852035\">\r\n<div class=\"ix-xmas-box-other\" style=\"font-size: 18px;padding: 7px 0;margin: 0 auto 0px auto\" align=\"center\"><b style=\"color: #fff;font-size: 18px\">Helyezzen egy BIOSEC-et a fa al\u00e1. <a style=\"color: #f8cc89;font-weight: bold;text-decoration: none;font-size: 18px\" href=\"https:\/\/www.tauroessiccatori.com\/christmas-2024\/\">FEDEZZE MEG ITT<\/a> Kar\u00e1csonyi akci\u00f3k!<\/b><\/div>\r\n<\/div><div class=\"banner-00\" style=\"background-color: #000\">\r\n<div class=\"ix-xmas-box-other\" style=\"font-size: 18px;padding: 7px 0;margin: 0 auto 0px auto\" align=\"center\"><b style=\"color: #fff\"> Itt vannak a fekete p\u00e9nteki kedvezm\u00e9nyek! \u00a0 <a style=\"color: #f77209;font-weight: bold;text-decoration: none\" href=\"https:\/\/www.tauroessiccatori.com\/black-friday-2024\/\"> Kattints, hogy ne hagyd ki \u0151ket \u2192 <\/a>\r\n<\/b><\/div>\r\n<\/div><\/div><p>A s\u00e1rgabarack sz\u00e1r\u00edt\u00e1sa nem k\u00f6nny\u0171! Csak k\u00e9t alapvet\u0151 szempontot kell figyelembe venni, mint p\u00e9ld\u00e1ul a m\u00e9ret \u00e9s a h\u0151m\u00e9rs\u00e9klet, \u00e9s ha m\u00e1r megsz\u00e1radt, nagyszer\u0171 r\u00e1gcs\u00e1lnival\u00f3t kapunk, amelyet a nap b\u00e1rmely szak\u00e1ban k\u00e9nyelmesen magunkkal vihet\u00fcnk \u00e9s fogyaszthatunk.<\/p>\n<p><strong>\u00d6sszetev\u0151k<\/strong><br \/>\nS\u00e1rgabarack b\u0151s\u00e9gesen (k\u00f6zepes m\u00e9ret\u0171 \u00e9s j\u00f3 \u00e9r\u00e9si pont)<\/p>\n<p><strong>Elj\u00e1r\u00e1s<\/strong><br \/>\nHa a s\u00e1rgabarack leghosszabb oldal\u00e1nak m\u00e9rete meghaladja a 4 cm-t, a s\u00e1rgabarack m\u00e9g azel\u0151tt megromlik, hogy megsz\u00e1radna, ez\u00e9rt a legjobb, ha b\u00e9k\u00e9n hagyjuk (kiv\u00e9ve, ha 5 mm v\u00e9kony szeletekre vagy apr\u00f3 darabokra akarjuk szeletelni, akkor rendben). A norm\u00e1l m\u00e9ret\u0171 s\u00e1rgabarackot f\u00e9lbe kell bontani, kimagozni \u00e9s hasra ford\u00edtva kell a sz\u00e1r\u00edt\u00f3 kosar\u00e1ba tenni (s\u00fct\u0151pap\u00edr vagy Drysilk n\u00e9lk\u00fcl).<\/p>\n<p><strong>Program<\/strong><br \/>\nV\u00e1lasszon 50\u00b0 k\u00f6r\u00fcli (vagy sz\u00fcks\u00e9g eset\u00e9n enn\u00e9l magasabb), t4 vagy t5 programot 48\/60 \u00f3r\u00e1ra.<br \/>\nC\u00e9lszer\u0171 id\u0151r\u0151l id\u0151re ellen\u0151rizni \u0151ket, mert ha k\u00e9t ellen\u0151rz\u00e9s k\u00f6z\u00f6tt megv\u00e1ltozik a megjelen\u00e9s\u00fck, az azt jelenti, hogy m\u00e9g mindig van ki\u00fcr\u00edtend\u0151 v\u00edz. A 9-es teszt: nyomjuk meg a s\u00e1rgabarack has\u00e1t, kem\u00e9nynek kell lennie.<br \/>\nEzut\u00e1n t\u00e1rolja \u0151ket egy l\u00e9gmentesen lez\u00e1rt \u00fcvegben.<\/p>","protected":false},"excerpt":{"rendered":"<p>Uno dei grandi ostici dell&#8217;essiccazione, difficili da preparare ma squisite da gustare. Se avete delle buone albicocche potrete goderne per tutto l&#8217;anno con i nostri essiccatori.<\/p>","protected":false},"featured_media":7153,"template":"","class_list":["post-7152","tauro_recipe","type-tauro_recipe","status-publish","has-post-thumbnail","hentry"],"acf":[],"yoast_head":"<!-- This site is optimized with the Yoast SEO plugin v20.10 - https:\/\/yoast.com\/wordpress\/plugins\/seo\/ -->\n<title>Essiccare le albicocche - Tauro Essiccatori<\/title>\n<meta name=\"robots\" content=\"noindex, follow, max-snippet:-1, max-image-preview:large, max-video-preview:-1\" \/>\n<meta property=\"og:locale\" content=\"hu_HU\" \/>\n<meta property=\"og:type\" content=\"article\" \/>\n<meta property=\"og:title\" content=\"Essiccare le albicocche - Tauro Essiccatori\" \/>\n<meta property=\"og:description\" content=\"Uno dei grandi ostici dell&#039;essiccazione, difficili da preparare ma squisite da gustare. Se avete delle buone albicocche potrete goderne per tutto l&#039;anno con i nostri essiccatori.\" \/>\n<meta property=\"og:url\" content=\"https:\/\/stor51.tauroessiccatori.com\/hu\/ricetta\/a-nagy-sargabarackok\/\" \/>\n<meta property=\"og:site_name\" content=\"Tauro Essiccatori\" \/>\n<meta property=\"article:publisher\" content=\"https:\/\/www.facebook.com\/TauroEssiccatori\/\" \/>\n<meta property=\"article:modified_time\" content=\"2019-11-20T13:52:09+00:00\" \/>\n<meta property=\"og:image\" content=\"https:\/\/stor51.tauroessiccatori.com\/wp-assets\/uploads\/2019\/11\/albicocche.jpg\" \/>\n\t<meta property=\"og:image:width\" content=\"920\" \/>\n\t<meta property=\"og:image:height\" content=\"530\" \/>\n\t<meta property=\"og:image:type\" content=\"image\/jpeg\" \/>\n<meta name=\"twitter:card\" content=\"summary_large_image\" \/>\n<meta name=\"twitter:label1\" content=\"Est. reading time\" \/>\n\t<meta name=\"twitter:data1\" content=\"1 perc\" \/>\n<script type=\"application\/ld+json\" class=\"yoast-schema-graph\">{\"@context\":\"https:\/\/schema.org\",\"@graph\":[{\"@type\":\"WebPage\",\"@id\":\"https:\/\/stor51.tauroessiccatori.com\/ricetta\/i-grandi-ostici-albicocche\/\",\"url\":\"https:\/\/stor51.tauroessiccatori.com\/ricetta\/i-grandi-ostici-albicocche\/\",\"name\":\"Essiccare le albicocche - Tauro Essiccatori\",\"isPartOf\":{\"@id\":\"https:\/\/stor51.tauroessiccatori.com\/#website\"},\"datePublished\":\"2019-11-20T11:07:06+00:00\",\"dateModified\":\"2019-11-20T13:52:09+00:00\",\"breadcrumb\":{\"@id\":\"https:\/\/stor51.tauroessiccatori.com\/ricetta\/i-grandi-ostici-albicocche\/#breadcrumb\"},\"inLanguage\":\"hu\",\"potentialAction\":[{\"@type\":\"ReadAction\",\"target\":[\"https:\/\/stor51.tauroessiccatori.com\/ricetta\/i-grandi-ostici-albicocche\/\"]}]},{\"@type\":\"BreadcrumbList\",\"@id\":\"https:\/\/stor51.tauroessiccatori.com\/ricetta\/i-grandi-ostici-albicocche\/#breadcrumb\",\"itemListElement\":[{\"@type\":\"ListItem\",\"position\":1,\"name\":\"Home\",\"item\":\"https:\/\/stor51.tauroessiccatori.com\/\"},{\"@type\":\"ListItem\",\"position\":2,\"name\":\"Essiccare le albicocche\"}]},{\"@type\":\"WebSite\",\"@id\":\"https:\/\/stor51.tauroessiccatori.com\/#website\",\"url\":\"https:\/\/stor51.tauroessiccatori.com\/\",\"name\":\"Tauro Essiccatori\",\"description\":\"Welcome to Tauro Essiccatori online shop\",\"publisher\":{\"@id\":\"https:\/\/stor51.tauroessiccatori.com\/#organization\"},\"potentialAction\":[{\"@type\":\"SearchAction\",\"target\":{\"@type\":\"EntryPoint\",\"urlTemplate\":\"https:\/\/stor51.tauroessiccatori.com\/?s={search_term_string}\"},\"query-input\":\"required name=search_term_string\"}],\"inLanguage\":\"hu\"},{\"@type\":\"Organization\",\"@id\":\"https:\/\/stor51.tauroessiccatori.com\/#organization\",\"name\":\"Tauro Essiccatori\",\"url\":\"https:\/\/stor51.tauroessiccatori.com\/\",\"logo\":{\"@type\":\"ImageObject\",\"inLanguage\":\"hu\",\"@id\":\"https:\/\/stor51.tauroessiccatori.com\/#\/schema\/logo\/image\/\",\"url\":\"https:\/\/www.tauroessiccatori.com\/wp-assets\/uploads\/2017\/07\/logo_tauro_500x109px.png\",\"contentUrl\":\"https:\/\/www.tauroessiccatori.com\/wp-assets\/uploads\/2017\/07\/logo_tauro_500x109px.png\",\"width\":500,\"height\":109,\"caption\":\"Tauro Essiccatori\"},\"image\":{\"@id\":\"https:\/\/stor51.tauroessiccatori.com\/#\/schema\/logo\/image\/\"},\"sameAs\":[\"https:\/\/www.facebook.com\/TauroEssiccatori\/\",\"https:\/\/www.instagram.com\/tauro_essiccatori\/\",\"https:\/\/it.linkedin.com\/company\/tauro-essiccatori\",\"https:\/\/www.youtube.com\/user\/tauroessiccatori\"]}]}<\/script>\n<!-- \/ Yoast SEO plugin. -->","yoast_head_json":{"title":"Essiccare le albicocche - Tauro Essiccatori","robots":{"index":"noindex","follow":"follow","max-snippet":"max-snippet:-1","max-image-preview":"max-image-preview:large","max-video-preview":"max-video-preview:-1"},"og_locale":"hu_HU","og_type":"article","og_title":"Essiccare le albicocche - Tauro Essiccatori","og_description":"Uno dei grandi ostici dell'essiccazione, difficili da preparare ma squisite da gustare. Se avete delle buone albicocche potrete goderne per tutto l'anno con i nostri essiccatori.","og_url":"https:\/\/stor51.tauroessiccatori.com\/hu\/ricetta\/a-nagy-sargabarackok\/","og_site_name":"Tauro Essiccatori","article_publisher":"https:\/\/www.facebook.com\/TauroEssiccatori\/","article_modified_time":"2019-11-20T13:52:09+00:00","og_image":[{"width":920,"height":530,"url":"https:\/\/stor51.tauroessiccatori.com\/wp-assets\/uploads\/2019\/11\/albicocche.jpg","type":"image\/jpeg"}],"twitter_card":"summary_large_image","twitter_misc":{"Est. reading time":"1 perc"},"schema":{"@context":"https:\/\/schema.org","@graph":[{"@type":"WebPage","@id":"https:\/\/stor51.tauroessiccatori.com\/ricetta\/i-grandi-ostici-albicocche\/","url":"https:\/\/stor51.tauroessiccatori.com\/ricetta\/i-grandi-ostici-albicocche\/","name":"Essiccare le albicocche - Tauro Essiccatori","isPartOf":{"@id":"https:\/\/stor51.tauroessiccatori.com\/#website"},"datePublished":"2019-11-20T11:07:06+00:00","dateModified":"2019-11-20T13:52:09+00:00","breadcrumb":{"@id":"https:\/\/stor51.tauroessiccatori.com\/ricetta\/i-grandi-ostici-albicocche\/#breadcrumb"},"inLanguage":"hu","potentialAction":[{"@type":"ReadAction","target":["https:\/\/stor51.tauroessiccatori.com\/ricetta\/i-grandi-ostici-albicocche\/"]}]},{"@type":"BreadcrumbList","@id":"https:\/\/stor51.tauroessiccatori.com\/ricetta\/i-grandi-ostici-albicocche\/#breadcrumb","itemListElement":[{"@type":"ListItem","position":1,"name":"Home","item":"https:\/\/stor51.tauroessiccatori.com\/"},{"@type":"ListItem","position":2,"name":"Essiccare le albicocche"}]},{"@type":"WebSite","@id":"https:\/\/stor51.tauroessiccatori.com\/#website","url":"https:\/\/stor51.tauroessiccatori.com\/","name":"Tauro Essiccatori","description":"Welcome to Tauro Essiccatori online shop","publisher":{"@id":"https:\/\/stor51.tauroessiccatori.com\/#organization"},"potentialAction":[{"@type":"SearchAction","target":{"@type":"EntryPoint","urlTemplate":"https:\/\/stor51.tauroessiccatori.com\/?s={search_term_string}"},"query-input":"required name=search_term_string"}],"inLanguage":"hu"},{"@type":"Organization","@id":"https:\/\/stor51.tauroessiccatori.com\/#organization","name":"Tauro Essiccatori","url":"https:\/\/stor51.tauroessiccatori.com\/","logo":{"@type":"ImageObject","inLanguage":"hu","@id":"https:\/\/stor51.tauroessiccatori.com\/#\/schema\/logo\/image\/","url":"https:\/\/www.tauroessiccatori.com\/wp-assets\/uploads\/2017\/07\/logo_tauro_500x109px.png","contentUrl":"https:\/\/www.tauroessiccatori.com\/wp-assets\/uploads\/2017\/07\/logo_tauro_500x109px.png","width":500,"height":109,"caption":"Tauro Essiccatori"},"image":{"@id":"https:\/\/stor51.tauroessiccatori.com\/#\/schema\/logo\/image\/"},"sameAs":["https:\/\/www.facebook.com\/TauroEssiccatori\/","https:\/\/www.instagram.com\/tauro_essiccatori\/","https:\/\/it.linkedin.com\/company\/tauro-essiccatori","https:\/\/www.youtube.com\/user\/tauroessiccatori"]}]}},"_links":{"self":[{"href":"https:\/\/stor51.tauroessiccatori.com\/hu\/wp-json\/wp\/v2\/tauro_recipe\/7152"}],"collection":[{"href":"https:\/\/stor51.tauroessiccatori.com\/hu\/wp-json\/wp\/v2\/tauro_recipe"}],"about":[{"href":"https:\/\/stor51.tauroessiccatori.com\/hu\/wp-json\/wp\/v2\/types\/tauro_recipe"}],"wp:featuredmedia":[{"embeddable":true,"href":"https:\/\/stor51.tauroessiccatori.com\/hu\/wp-json\/wp\/v2\/media\/7153"}],"wp:attachment":[{"href":"https:\/\/stor51.tauroessiccatori.com\/hu\/wp-json\/wp\/v2\/media?parent=7152"}],"curies":[{"name":"wp","href":"https:\/\/api.w.org\/{rel}","templated":true}]}}

Barack szárítása

<div class="tauro-banners"><div class="banner-00" style="background-color: #852035">
<div class="ix-xmas-box-other" style="font-size: 18px;padding: 7px 0;margin: 0 auto 0px auto" align="center"><b style="color: #fff;font-size: 18px">Helyezzen egy BIOSEC-et a fa alá. <a style="color: #f8cc89;font-weight: bold;text-decoration: none;font-size: 18px" href="https://www.tauroessiccatori.com/christmas-2024/">FEDEZZE MEG ITT</a> Karácsonyi akciók!</b></div>
</div><div class="banner-00" style="background-color: #000">
<div class="ix-xmas-box-other" style="font-size: 18px;padding: 7px 0;margin: 0 auto 0px auto" align="center"><b style="color: #fff"> Itt vannak a fekete pénteki kedvezmények!   <a style="color: #f77209;font-weight: bold;text-decoration: none" href="https://www.tauroessiccatori.com/black-friday-2024/"> Kattints, hogy ne hagyd ki őket → </a>
</b></div>
</div></div><p>A sárgabarack szárítása nem könnyű! Csak két alapvető szempontot kell figyelembe venni, mint például a méret és a hőmérséklet, és ha már megszáradt, nagyszerű rágcsálnivalót kapunk, amelyet a nap bármely szakában kényelmesen magunkkal vihetünk és fogyaszthatunk.</p>
<p><strong>Összetevők</strong><br />
Sárgabarack bőségesen (közepes méretű és jó érési pont)</p>
<p><strong>Eljárás</strong><br />
Ha a sárgabarack leghosszabb oldalának mérete meghaladja a 4 cm-t, a sárgabarack még azelőtt megromlik, hogy megszáradna, ezért a legjobb, ha békén hagyjuk (kivéve, ha 5 mm vékony szeletekre vagy apró darabokra akarjuk szeletelni, akkor rendben). A normál méretű sárgabarackot félbe kell bontani, kimagozni és hasra fordítva kell a szárító kosarába tenni (sütőpapír vagy Drysilk nélkül).</p>
<p><strong>Program</strong><br />
Válasszon 50° körüli (vagy szükség esetén ennél magasabb), t4 vagy t5 programot 48/60 órára.<br />
Célszerű időről időre ellenőrizni őket, mert ha két ellenőrzés között megváltozik a megjelenésük, az azt jelenti, hogy még mindig van kiürítendő víz. A 9-es teszt: nyomjuk meg a sárgabarack hasát, keménynek kell lennie.<br />
Ezután tárolja őket egy légmentesen lezárt üvegben.</p>
